{"id":5128,"date":"2025-01-13T09:58:22","date_gmt":"2025-01-13T09:58:22","guid":{"rendered":"https:\/\/galmvs.ro\/wp\/?page_id=5128"},"modified":"2025-01-13T09:58:22","modified_gmt":"2025-01-13T09:58:22","slug":"informatii-privind-finantarea-prin-fse","status":"publish","type":"page","link":"https:\/\/galmvs.ro\/wp\/informatii-privind-finantarea-prin-fse\/","title":{"rendered":"Informa\u021bii privind finan\u021barea prin FSE+"},"content":{"rendered":"\n<p>SDL 2023-2027 este o strategie multifond, astfel GAL-MVS beneficiaz\u0103 \u00een aceast\u0103 perioad\u0103 at\u00e2t de Fondul European Agricol pentru Dezvoltare\u00a0 Rural\u0103, c\u00e2t \u0219i de Fondul Social European Plus prin Interven\u021bia FSE+\u201dSprijin pentru copiii din teritoriul GAL Microregiunea Valea S\u00e2mbetei\u201d<\/p>\n\n\n\n<p>Obiectivul specific: Promovarea integr\u0103rii sociale a persoanelor expuse riscului de s\u0103r\u0103cie sau de excluziune social\u0103, inclusiv a celor mai defavorizate persoane \u0219i a copiilor<\/p>\n\n\n\n<p>Tipul de ac\u021biuni integrate<br>a) Sprijin pentru copiii vulnerabili \u0219i familiile acestora<br>b) ac\u021biuni care vizeaz\u0103 unitatea de \u00eenv\u0103\u021b\u0103m\u00e2nt<br>c) acces copii vulnerabili la excursii, vizite, tabere (de exemplu: crea\u021bie, sport, diverse tematici),<br>evenimente culturale si educa\u021bionale, schimburi de experien\u021ba rural-urban, alte ac\u021biuni similare etc<\/p>\n\n\n\n<p>Beneficiari direc\u0163i eligibili<br>Furnizori de servicii sociale publici \u0219i priva\u021bi, acredita\u021bi in condi\u021biile legii<br>Institu\u021bii de \u00eenv\u0103\u021b\u0103m\u00e2nt ante-pre\u0219colar\/pre\u0219colar\/preuniversitar acreditate<br>ONG \u2013 uri cu activitate \u00een domeniul furniz\u0103rii de servicii educa\u021bionale<br>Parteneriat \u00eentre categoriile de mai sus<\/p>\n\n\n\n<p>Buget : 408.621 euro<\/p>\n","protected":false},"excerpt":{"rendered":"<p>SDL 2023-2027 este o strategie multifond, astfel GAL-MVS beneficiaz\u0103 \u00een aceast\u0103 perioad\u0103 at\u00e2t de Fondul European Agricol pentru Dezvoltare\u00a0 Rural\u0103, c\u00e2t \u0219i de Fondul Social European Plus prin Interven\u021bia FSE+\u201dSprijin pentru copiii din teritoriul GAL Microregiunea Valea S\u00e2mbetei\u201d Obiectivul specific: &hellip;<\/p>\n<div class=\"read_more\"><a href=\"https:\/\/galmvs.ro\/wp\/informatii-privind-finantarea-prin-fse\/\">read more<\/a><\/div>\n","protected":false},"author":1,"featured_media":0,"parent":0,"menu_order":0,"comment_status":"closed","ping_status":"closed","template":"","meta":[],"_links":{"self":[{"href":"https:\/\/galmvs.ro\/wp\/wp-json\/wp\/v2\/pages\/5128"}],"collection":[{"href":"https:\/\/galmvs.ro\/wp\/wp-json\/wp\/v2\/pages"}],"about":[{"href":"https:\/\/galmvs.ro\/wp\/wp-json\/wp\/v2\/types\/page"}],"author":[{"embeddable":true,"href":"https:\/\/galmvs.ro\/wp\/wp-json\/wp\/v2\/users\/1"}],"replies":[{"embeddable":true,"href":"https:\/\/galmvs.ro\/wp\/wp-json\/wp\/v2\/comments?post=5128"}],"version-history":[{"count":1,"href":"https:\/\/galmvs.ro\/wp\/wp-json\/wp\/v2\/pages\/5128\/revisions"}],"predecessor-version":[{"id":5129,"href":"https:\/\/galmvs.ro\/wp\/wp-json\/wp\/v2\/pages\/5128\/revisions\/5129"}],"wp:attachment":[{"href":"https:\/\/galmvs.ro\/wp\/wp-json\/wp\/v2\/media?parent=5128"}],"curies":[{"name":"wp","href":"https:\/\/api.w.org\/{rel}","templated":true}]}}

Informații privind finanțarea prin FSE+

<p>SDL 2023-2027 este o strategie multifond, astfel GAL-MVS beneficiază în această perioadă atât de Fondul European Agricol pentru Dezvoltare  Rurală, cât și de Fondul Social European Plus prin Intervenția FSE+”Sprijin pentru copiii din teritoriul GAL Microregiunea Valea Sâmbetei”</p>



<p>Obiectivul specific: Promovarea integrării sociale a persoanelor expuse riscului de sărăcie sau de excluziune socială, inclusiv a celor mai defavorizate persoane și a copiilor</p>



<p>Tipul de acțiuni integrate<br>a) Sprijin pentru copiii vulnerabili și familiile acestora<br>b) acțiuni care vizează unitatea de învățământ<br>c) acces copii vulnerabili la excursii, vizite, tabere (de exemplu: creație, sport, diverse tematici),<br>evenimente culturale si educaționale, schimburi de experiența rural-urban, alte acțiuni similare etc</p>



<p>Beneficiari direcţi eligibili<br>Furnizori de servicii sociale publici și privați, acreditați in condițiile legii<br>Instituții de învățământ ante-preșcolar/preșcolar/preuniversitar acreditate<br>ONG – uri cu activitate în domeniul furnizării de servicii educaționale<br>Parteneriat între categoriile de mai sus</p>



<p>Buget : 408.621 euro</p>

<p>SDL 2023-2027 este o strategie multifond, astfel GAL-MVS beneficiază în această perioadă atât de Fondul European Agricol pentru Dezvoltare  Rurală, cât și de Fondul Social European Plus prin Intervenția FSE+”Sprijin pentru copiii din teritoriul GAL Microregiunea Valea Sâmbetei” Obiectivul specific: &hellip;</p>
<div class="read_more"><a href="https://galmvs.ro/wp/informatii-privind-finantarea-prin-fse/">read more</a></div>
